 the highest common divisor of 951485 and 15.
5
Calculate the highest common factor of 117 and 48607.
13
Calculate the greatest common factor of 1782 and 988416.
594
Calculate the highest common factor of 777 and 20313.
111
What is the greatest common divisor of 3980420 and 20?
20
Calculate the greatest common factor of 364 and 426468.
28
Calculate the highest common divisor of 45 and 5435055.
45
What is the highest common factor of 623 and 3997?
7
What is the highest common factor of 36455 and 23?
23
Calculate the highest common factor of 98 and 2471.
7
Calculate the highest common divisor of 2400 and 663216.
48
Calculate the highest common divisor of 486 and 438.
6
Calculate the highest common divisor of 8749 and 872881.
673
Calculate the greatest common divisor of 428770 and 16960.
530
Calculate the highest common divisor of 1091254 and 86.
86
Calculate the greatest common divisor of 4692 and 680.
68
What is the highest common divisor of 128 and 24952?
8
What is the highest common divisor of 93 and 1223787?
93
What is the highest common factor of 500 and 99125?
125
Calculate the greatest common factor of 21462 and 2352.
294
Calculate the greatest common factor of 4 and 2932.
4
What is the greatest common divisor of 226456 and 216?
8
Calculate the greatest common divisor of 211289 and 13.
13
What is the highest common factor of 1222 and 56870?
94
Calculate the highest common factor of 4664 and 41128.
424
Calculate the greatest common divisor of 16 and 6770.
2
What is the highest common divisor of 79524 and 8?
4
What is the greatest common factor of 3035786 and 3068?
1534
What is the highest common factor of 6325 and 175?
25
What is the greatest common divisor of 176 and 5093?
11
Calculate the highest common divisor of 5610 and 2465.
85
Calculate the highest common divisor of 22 and 1046826.
22
What is the highest common divisor of 68 and 186388?
68
What is the highest common factor of 174 and 684?
6
Calculate the highest common divisor of 2536 and 1094918.
634
What is the greatest common divisor of 26 and 1793129?
13
What is the greatest common factor of 445 and 1667059?
89
What is the highest common divisor of 451099 and 11?
11
What is the greatest common factor of 3030 and 250480?
1010
Calculate the highest common factor of 660 and 836946.
66
What is the highest common factor of 2983 and 4617?
19
Calculate the greatest common factor of 98895 and 390.
15
Calculate the highest common factor of 1183 and 3718.
169
What is the highest common divisor of 3562 and 1300?
26
Calculate the greatest common factor of 136956 and 12543.
339
Calculate the highest common divisor of 17400 and 472.
8
Calculate the highest common factor of 75455 and 5.
5
Calculate the highest common divisor of 59984 and 5868.
652
What is the greatest common divisor of 18 and 396783?
9
Calculate the highest common factor of 285 and 102315.
285
What is the greatest common factor of 19872 and 10152?
216
What is the highest common divisor of 663 and 70187?
13
What is the highest common divisor of 3028771 and 323?
323
Calculate the highest common factor of 4780 and 50668.
956
Calculate the greatest common divisor of 998246 and 46.
46
What is the greatest common factor of 2067 and 1131?
39
What is the greatest common divisor of 94 and 105233?
47
Calculate the highest common factor of 648 and 276.
12
What is the greatest common factor of 561946 and 154?
154
What is the greatest common divisor of 9968 and 24752?
112
Calculate the highest common factor of 2783 and 107448.
121
What is the greatest common divisor of 239 and 24617?
239
What is the highest common factor of 453 and 1236237?
453
Calculate the highest common factor of 522 and 82.
2
What is the greatest common factor of 15 and 263157?
3
Calculate the highest common factor of 596 and 284590.
298
What is the highest common divisor of 5 and 8467180?
5
What is the greatest common divisor of 472 and 464?
8
What is the highest common divisor of 49795 and 5?
5
What is the highest common factor of 4010 and 41?
1
Calculate the greatest common factor of 17 and 2963.
1
Calculate the highest common divisor of 928 and 273673.
29
What is the greatest common divisor of 95 and 743736?
19
Calculate the greatest common divisor of 368 and 233565.
23
What is the highest common factor of 515812 and 2508?
836
What is the greatest common factor of 14 and 5250497?
7
Calculate the greatest common divisor of 689 and 71815.
53
Calculate the greatest common divisor of 263753 and 4595.
919
Calculate the highest common factor of 51641 and 8927.
113
What is the greatest common divisor of 6882 and 259?
37
Calculate the greatest common divisor of 1315 and 11905.
5
What is the highest common divisor of 10 and 262230?
10
Calculate the greatest common factor of 64 and 34992.
16
What is the greatest common factor of 2455311 and 366?
183
Calculate the greatest common factor of 26151 and 171687.
1137
What is the greatest common divisor of 11 and 258?
1
Calculate the highest common factor of 353290 and 2884.
1442
What is the highest common divisor of 11998 and 1106?
14
What is the highest common divisor of 129 and 87333?
129
Calculate the greatest common factor of 11774 and 6496.
406
What is the greatest common factor of 1 and 110393?
1
What is the greatest common factor of 249717 and 1539?
57
Calculate the greatest common divisor of 391 and 1921.
17
Calculate the greatest common factor of 381452 and 564.
188
Calculate the greatest common divisor of 3098150 and 55.
55
Calculate the greatest common factor of 11563 and 10071.
373
Calculate the highest common factor of 64779 and 7293.
429
Calculate the highest common factor of 312 and 5976.
24
Calculate the highest common factor of 909948 and 2496.
156
Calculate the greatest common divisor of 546 and 49920.
78
Calculate the greatest common divisor of 27 and 61407.
9
What is the highest common factor of 8483280 and 39?
39
What is the greatest common factor of 334464 and 3?
3
What is the highest common divisor of 502 and 3261494?
502
What is the greatest common factor of 10012730 and 182?
182
What is the highest common factor of 350 and 8?
2
What is the highest common divisor of 2320 and 15805?
145
Calculate the greatest common divisor of 144768 and 87.
87
Calculate the greatest common factor of 182446 and 22.
22
What is the highest common factor of 17064 and 927?
9
Calculate the greatest common divisor of 2981100 and 25.
25
Calculate the highest common divisor of 1023 and 20491.
31
Calculate the highest common factor of 2723 and 37344.
389
What is the greatest common divisor of 112676 and 884?
68
What is the greatest common factor of 16 and 569408?
16
What is the highest common factor of 2432 and 424?
8
Calculate the greatest common divisor of 1580 and 2355.
5
What is the highest common divisor of 258223 and 1295?
259
Calculate the greatest common divisor of 50166 and 162.
54
Calculate the greatest common factor of 12360 and 4223.
103
What is the greatest common factor of 13439 and 2581?
89
What is the highest common factor of 96 and 202644?
12
What is the highest common divisor of 12351 and 345?
69
What is the highest common factor of 580 and 11260?
20
Calculate the highest common divisor of 29841 and 1911.
147
What is the highest common factor of 473 and 9200796?
473
What is the highest common factor of 904251 and 438?
219
What is the highest common factor of 500 and 40400?
100
What is the highest common factor of 4510 and 782690?
410
Calculate the greatest common factor of 4482 and 236550.
498
Calculate the highest common factor of 12875 and 6386.
103
What is the highest common factor of 31512 and 18?
6
Calculate the highest common divisor of 5607 and 903.
21
Calculate the highest common divisor of 339 and 1105931.
113
Calculate the highest common divisor of 23 and 39077.
23
Calculate the highest common divisor of 36 and 358908.
12
Calculate the greatest common divisor of 1677 and 30831.
129
What is the highest common factor of 254101 and 206?
103
Calculate the greatest common divisor of 732 and 4008.
12
What is the greatest common factor of 221 and 36101?
13
Calculate the greatest common divisor of 22656 and 13983.
177
What is the greatest common divisor of 7772 and 6264?
116
What is the greatest common diviso